{"id":27,"date":"2023-12-04T19:14:38","date_gmt":"2023-12-04T18:14:38","guid":{"rendered":"https:\/\/nva-editions.fr\/?page_id=27"},"modified":"2023-12-10T11:31:01","modified_gmt":"2023-12-10T10:31:01","slug":"qui-sommes-nous","status":"publish","type":"page","link":"https:\/\/nva-editions.fr\/?page_id=27","title":{"rendered":"Qui sommes-nous ?"},"content":{"rendered":"\n<p>Les \u00e9ditions NVA sont n\u00e9es d\u2019une rencontre entre un auteur et un futur \u00e9diteur.<\/p>\n\n\n\n<p>L\u2019id\u00e9e \u00e9tait d\u00e9j\u00e0 l\u00e0, suspendue dans l\u2019air, d\u00e9j\u00e0 esquiss\u00e9e longtemps auparavant \u00e0 travers la cr\u00e9ation d\u2019un journal \u00e9ph\u00e9m\u00e8re. Mais c\u2019\u00e9tait bien enfoui quand j\u2019entendis d\u2019Alain Masson : \u00ab veux-tu \u00e9diter mon prochain livre \u00bb ?<\/p>\n\n\n\n<p>Ce qui n\u2019\u00e9tait pas enfoui en revanche, c\u2019est cet attrait pour la communication, pour la Parole. Par n\u00e9cessit\u00e9 bien entendu, comme pour tout un chacun, mais aussi par les circonstances de la vie. C\u2019est un peu comme les contrats d\u2019assurance, qui comportent des conditions g\u00e9n\u00e9rales, et des conditions particuli\u00e8res.<br>Les conditions g\u00e9n\u00e9rales sont celles de tous, \u00eatres humains et par cons\u00e9quent \u00eatres de parole.<br>Mes conditions particuli\u00e8res sont celles d&#8217;exp\u00e9riences diverses, particuli\u00e8rement de rencontres, qui m&#8217;ont permis d\u2019appr\u00e9cier l&#8217;importance de la parole vivante. Certaines personnes en t\u00e9moignent, par leur fa\u00e7on d\u2019\u00eatre, par le regard qu\u2019ils portent sur le monde. Alain Masson \u00e9tait de ceux-l\u00e0.<\/p>\n\n\n\n<p>C\u2019est donc le sujet. La parole.<\/p>\n\n\n\n<p>Je n\u2019en imagine pas d\u2019autre, et chaque jour qui passe me convainc davantage de l\u2019urgence de ce sujet. Les nouvelles du monde, proche ou lointain, abondent dans ce sens. Mais aussi le chemin parcouru me donne l\u2019intuition que l\u2019homme est au bord de se conna\u00eetre et que le principal continent sur la terre n\u2019est pas encore d\u00e9couvert, ou si peu ! L\u2019\u00eatre humain.<\/p>\n\n\n\n<p>Les livres \u00e9dit\u00e9s \u00e0 ce jour souhaitent apporter des cl\u00e9s. Je souhaite rencontrer d\u2019autres auteurs qui me donnent la m\u00eame envie de les lire et de les faire connaitre.<\/p>\n\n\n\n<p>Voici le projet de la collection Id\u00e9es Vivantes. Il y a profonde n\u00e9cessit\u00e9 de changer de niveau, d\u2019acc\u00e9der \u00e0 un niveau que l\u2019on se doit \u00e0 soi-m\u00eame.<\/p>\n","protected":false},"excerpt":{"rendered":"<p>Les \u00e9ditions NVA sont n\u00e9es d\u2019une rencontre entre un auteur et un futur \u00e9diteur. L\u2019id\u00e9e \u00e9tait d\u00e9j\u00e0 l\u00e0, suspendue dans l\u2019air, d\u00e9j\u00e0 esquiss\u00e9e longtemps auparavant \u00e0 travers la cr\u00e9ation d\u2019un journal \u00e9ph\u00e9m\u00e8re. Mais c\u2019\u00e9tait bien enfoui quand j\u2019entendis d\u2019Alain Masson : \u00ab veux-tu \u00e9diter mon prochain livre \u00bb ? Ce qui n\u2019\u00e9tait pas enfoui en&hellip;&nbsp;<a href=\"https:\/\/nva-editions.fr\/?page_id=27\" class=\"\" rel=\"bookmark\">Read More &raquo;<span class=\"screen-reader-text\">Qui sommes-nous ?<\/span><\/a><\/p>\n","protected":false},"author":1,"featured_media":0,"parent":0,"menu_order":0,"comment_status":"closed","ping_status":"closed","template":"","meta":{"_monsterinsights_skip_tracking":false,"_monsterinsights_sitenote_active":false,"_monsterinsights_sitenote_note":"","_monsterinsights_sitenote_category":0,"neve_meta_sidebar":"","neve_meta_container":"","neve_meta_enable_content_width":"","neve_meta_content_width":0,"neve_meta_title_alignment":"","neve_meta_author_avatar":"","neve_post_elements_order":"","neve_meta_disable_header":"","neve_meta_disable_footer":"","neve_meta_disable_title":"","footnotes":""},"class_list":["post-27","page","type-page","status-publish","hentry"],"aioseo_notices":[],"jetpack_sharing_enabled":true,"_links":{"self":[{"href":"https:\/\/nva-editions.fr\/index.php?rest_route=\/wp\/v2\/pages\/27","targetHints":{"allow":["GET"]}}],"collection":[{"href":"https:\/\/nva-editions.fr\/index.php?rest_route=\/wp\/v2\/pages"}],"about":[{"href":"https:\/\/nva-editions.fr\/index.php?rest_route=\/wp\/v2\/types\/page"}],"author":[{"embeddable":true,"href":"https:\/\/nva-editions.fr\/index.php?rest_route=\/wp\/v2\/users\/1"}],"replies":[{"embeddable":true,"href":"https:\/\/nva-editions.fr\/index.php?rest_route=%2Fwp%2Fv2%2Fcomments&post=27"}],"version-history":[{"count":4,"href":"https:\/\/nva-editions.fr\/index.php?rest_route=\/wp\/v2\/pages\/27\/revisions"}],"predecessor-version":[{"id":107,"href":"https:\/\/nva-editions.fr\/index.php?rest_route=\/wp\/v2\/pages\/27\/revisions\/107"}],"wp:attachment":[{"href":"https:\/\/nva-editions.fr\/index.php?rest_route=%2Fwp%2Fv2%2Fmedia&parent=27"}],"curies":[{"name":"wp","href":"https:\/\/api.w.org\/{rel}","templated":true}]}}